e number?
False
Suppose -4314 = 2*p - 21746. Suppose 104 = 45*y - 76. Suppose -8*i + p = -y*i. Is i a composite number?
False
Suppose -3*q = 7 + 2, 2*q = 3*k - 2339487. Is k composite?
False
Suppose 7*q - 5 = -33. Let o(u) = -50*u**3 - 11*u**2 - 9*u + 2. Is o(q) a composite number?
True
Let j(l) = 196*l**2 + 6*l + 46. Let y be j(-21). Let x be y/20 + 2/10. Suppose 4*n + 434 = x. Is n a composite number?
False
Let i(u) = 311*u**2 + 10*u + 12. Let k be ((-4 - -5)*-5)/1. Is i(k) composite?
True
Let d(u) = 7*u**2 + 11*u - 12. Let p = -6 - -15. Let k be d(p). Suppose -3*h = -5163 - k. Is h prime?
False
Let i(l) = 955*l**2 + 329*l + 117. Is i(-25) composite?
False
Let d be 8/(-2)*(-2756 + -17). Is d/6*15/10 a composite number?
True
Suppose -21*j = -17*j. Suppose -2*v = -j*d + 4*d - 27978, 0 = -d - 3*v + 6992. Suppose 0*l + 5*l - d = 0. Is l a composite number?
False
Suppose u = 4, -24*c + 8695 = -25*c + u. Is 6/(-6)*c/3 a composite number?
False
Let a = 21250 - 4349. Is a a composite number?
False
Suppose 5*i + 2 = 6*i. Suppose -2*a + 20 = 3*a + 5*h, 3*h = i*a - 8. Let s(w) = 47*w**2 + 11*w - 5. Is s(a) a prime number?
False
Let g = -14 - -7. Is (107/(-4))/(g/364) a composite number?
True
Let j = -47472 - -69341. Is j prime?
False
Suppose 0 = -5*c + 5*p + 61880, -5*c + 61920 = -0*c + 3*p. Suppose -c = 40*v - 43*v. Is v a composite number?
False
Let j be (-2*17/2)/1. Let q(t) = 7*t - 15. Let k(d) = -27*d + 57. Let u(b) = 6*k(b) + 23*q(b). Is u(j) a prime number?
False
Let d(r) = -70616*r - 122. Is d(-3) a prime number?
False
Let n = -50 + 44. Let v(r) = 11*r**2 + 13*r - 7. Let x(z) = -6*z**2 - 6*z + 4. Let q(d) = n*v(d) - 13*x(d). Is q(-6) a prime number?
False
Let i be 0/((-3 - -2) + -4 - -7). Is (5/1 - i) + 3*1020 a composite number?
True
Let j(q) = 23*q**3 + 2*q**2 + 6. Let c(k) = -k**3 + 40*k**2 - 77*k + 45. Let o be c(38). Is j(o) composite?
False
Suppose -4*c = 5*y - 46, y + 3*c + 14 = 21. Suppose -y*k = 2*k - 40884. Is k composite?
False
Let i = -286 - -297. Is 23418/i + 44/484 a composite number?
False
Is 500556/36 - (-40)/(-12) prime?
True
Let a(t) = -74*t**3 - 6*t**2 + 9*t - 17. Is a(-14) composite?
True
Suppose -x = 5*n + 63376, 19*n - 316740 = 5*x + 16*n. Is 1/2 - x/6 a composite number?
False
Suppose -2255 = -f - 2*n, -2*n - 2*n - 2243 = -f. Suppose -2*z + 8*u - 11*u = -4474, -f = -z + 2*u. Is z a composite number?
False
Suppose -4*d = -4*y + y - 352726, 176362 = 2*d - 2*y. Is d a composite number?
True
Let v(y) = y**2 + 22*y - 23. Let a be v(1). Suppose -b - 8459 = -3*p, -p - 7*b + 6*b + 2817 = a. Is p prime?
True
Let v(z) = -182*z + 13. Let j be (2/(-3))/(2/312) + -4. Let h = j + 105. Is v(h) composite?
True
Let p be ((-129)/(-12))/((-5)/20). Let i = p + 37. Is (3728/i)/(-8)*3 prime?
True
Let c(a) = 269*a**3 - a**2 + 13*a - 7. Is c(3) a composite number?
True
Suppose 3*i - 2 = -8, -4*j + 34032 = -2*i. Suppose -26290 = -7*h + j. Is h a composite number?
True
Let g = 53 - -65. Let v = 123 - g. Suppose -552 = -v*q + 2*o + 697, 0 = -2*q + 3*o + 493. Is q a prime number?
True
Suppose 1778*p + 51568080 = 1898*p. Is p a prime number?
False
Suppose 3*f + 3*t = -2*t - 2566, -f = -2*t + 870. Let a = 1331 + f. Is a a composite number?
True
Let q(g) = -g**3 + 21*g**2 + 21*g - 49. Suppose -9*s = -6*s - 48. Is q(s) a composite number?
False
Let c = 1061112 + -492367. Is c a composite number?
True
Let a = -7 - -10. Suppose -m - 40*q = -35*q + 9, 64 = 4*m - 5*q. Suppose -m*c + 1666 = a*c. Is c a prime number?
False
Suppose d = 5*v - 8*v + 150428, -4 = 2*v. Is d a composite number?
True
Suppose 2*o + 5*l - 580 = 0, -4*l + 584 = -3*o + 5*o. Let n be (o/(-36) - (1 + -2))*-54. Let f = n + 127. Is f a prime number?
True
Suppose 13*z = 36*z - 23. Let o(x) = 22576*x**3 - 2*x + 3. Is o(z) composite?
True
Let j = -7389 - -3457. Let t = -2709 - j. Is t a composite number?
False
Suppose -1 = v, d - 24 = v + 103. Is 8/(-14) - (-382734)/d a composite number?
False
Suppose 2*o - 3 = 5*f - 0, 4*f = 4. Suppose -2*m + 2272 = -2*j, -o*j = -2*m + m + 4529. Is (-24)/(-132) - j/11 a composite number?
False
Suppose -2*v - 2*x = 14, -3*v = -0*v + x + 11. Let z be (-2)/4*v + 3. Is 602/z + -2 - 3/(-6) prime?
True
Let z(w) = 1316*w**2 - 29*w + 22. Is z(-7) a composite number?
False
Let b = 53 + -57. Let a be -2*b/24 - (-14)/(-6). Is (-1)/a - (-667)/2 a prime number?
False
Let d(z) = -z + 2*z - 2*z + 24 + 2*z**2. Suppose -59*k - 272 = -43*k. Is d(k) composite?
False
Is ((-6)/27)/((-46594232)/7765704 + 6) composite?
True
Suppose 406*q - 404*q - 135246 = -4*p, -5*q + 2*p = -338091. Is q a prime number?
True
Let v(s) = 5809*s - 601. Is v(62) a prime number?
False
Suppose 5*m - 6512 = -2*u - 16644, -2*u + 5*m = 10152. Let g be 561066/66 + (5 - 0) + -2. Let w = u + g. Is w a composite number?
False
Suppose 0 = 2*o - y - 4, 0 = 4*o - 4*y - 10 + 2. Suppose -o*x - 4*p = -0*p - 236, -p + 369 = 3*x. Suppose -x = -j - j. Is j composite?
True
Let b = -17 - -21. Suppose -9*a + b*a = -26540. Suppose -4*d + 6296 = -a. Is d composite?
True
Let n(p) = 377*p**2 - 59*p + 1381. Is n(-70) a composite number?
True
Suppose 100*o - 28399158 + 7086058 = 0. Is o composite?
False
Let k(j) = -j + 4. Let g be k(-13). Let b(c) = c**3 - 10*c**2 - 31*c - 19. Is b(g) a composite number?
True
Let x(u) = -403*u + 188. Let j = -386 - -381. Is x(j) composite?
False
Let v = -628258 - -992571. Is v a composite number?
False
Let l(v) be the first derivative of -1390*v**2 + 71*v + 128. Is l(-7) a composite number?
False
Is ((-214276)/(-10))/((228/(-399))/(20/(-14))) a composite number?
False
Let c = 34 - 26. Suppose 4 = -v, -2*r + 12 = -5*v - c. Suppose 168 = 4*i - 5*o - 9, r = -4*i - 3*o + 137. Is i a composite number?
True
Suppose 15*l - 15 = 12*l. Let i(z) = -3*z - 3*z - z + l + 2*z + z**2. Is i(-10) composite?
True
Suppose 0 = -5*a - 2*z + 1005099, 4*a = -4*z - 0*z + 804096. Is a composite?
True
Let g be (-1 - 4) + -2 + 0 + -1. Is 1008264/192 - (-3)/g a prime number?
False
Let x(q) = -1307*q**3 + 3*q**2 - 39*q - 44. Is x(-5) a prime number?
True
Let n(t) = -9657*t - 3. Let m be n(1). Is (8 - (m - 2)) + -5 a prime number?
False
Let k(t) = -t**2 - t - 1. Let z(b) = -2*b**2 + 6*b + 8. Let q(y) = k(y) - z(y). Let m be q(6). Is (-919)/((-2)/(-3) - (-25)/m) a composite number?
False
Let y = 22 + -22. Suppose y = -6*p + 6258 + 2706. Let a = p + -1025. Is a composite?
True
Let o = 153 - 153. Suppose 5*r - 2*a + 446 - 5086 = o, 2*r - 1857 = a. Is r composite?
True
Let k(d) be the third derivative of 2/3*d**3 - 131/24*d**4 - 13*d**2 + 0*d + 0. Is k(-3) prime?
True
Let d(h) = -h**2 + 54*h - 238. Let q(m) = -25*m**3 + 2*m**2 - m - 3. Let l be q(-1). Is d(l) a composite number?
False
Let g(w) = 34*w**2 + 79*w - 146. Let b(o) = -12*o**2 - 26*o + 49. Let i(c) = -7*b(c) - 2*g(c). Is i(15) a prime number?
False
Let c(q) = 1 - 1624*q - 14 - 481*q. Is c(-12) composite?
False
Suppose 2*b + 124 = b - 3*v, -3*v + 336 = -3*b. Let u = -115 - b. Suppose u = 14*g - 12*g - 334. Is g composite?
False
Suppose 12*q + 14372 + 14260 = 0. Let b = -1377 - q. Is b a prime number?
True
Is -1 + 7188/2 + (-15)/120*0 composite?
False
Suppose 2*g = z - 0*g, 3*z - 3*g = 3. Is z + 3 - 134*-88 prime?
False
Suppose 1030450 = 5*z - 5*a, -2*a + 184854 = z - 21245. Is z prime?
False
Let w(d) = -7*d**3 - d**2 + d - 2. Let l be w(1). Is l/18*-23570 + -8 a prime number?
True
Suppose 5*w = 2*f + 920375, 0 = -3*w + 2*f + 63559 + 488670. Is w composite?
False
Suppose 48*u - 46*u = 118164. Suppose -121945 = -11*k + u. Is k a composite number?
True
Suppose -54*q - 549557 = -71*q + 101186. Is q a composite number?
True
Let t = -565 - -634. Suppose -27349 = -76*m + t*m. Is m prime?
True
Let s(b) = -15*b + 55. Let y be s(27). Let p = 103 - y. Is p a composite number?
True
Let h(c) = 1721*c**2 - 14*c + 26. Let z(b) = 2582*b**2 - 19*b + 39. Let r(f) = -7*h(f) + 5*z(f). Is r(3) prime?
True
Suppose 0 = y + 2*l - 12, -3*y - 4*l - 3 = -39. Let z(x) = -25 - 166*x - 195*x + y*x - 27. Is z(-5) a prime number?
True
Suppose -2*w + 0*w = -8. Suppose -7*r + 57 = -w*r. Let z(n) = -n**3 + 28*n**2 - 15*n - 43. Is z(r) a prime number?
False
Let a(f) = 1385*f - 63. Let g be a(11). Suppose -2*u + g = 4*q, u - 16246 + 1074 = -4*q. Is q prime?
True
Let p be (-45)/25 - 504/(-30). Is 1275